be z(4). Let o be 2/6 - (-320)/q. Suppose -3*g + 28 = -5*u, -2*u - o - 1 = -2*g. Let w(c) = 15*c**2 - 2*c + 1. Determine w(g).
14
Let q = -1168 + 1170. Let t(w) = 2*w**2 + 2 - 3*w**2 - 5 + 3*w. What is t(q)?
-1
Let k(s) be the first derivative of -s**3/3 + 7*s**2/2 - 4*s + 1. Let t = -406 - -252. Let p be t/(-30) + (-86)/645. Determine k(p).
6
Let n(l) = l - 4. Let s be 12 + -14 + (-19)/(-1). Let v(h) = h**3 - 16*h**2 - 15*h - 25. Let t be v(s). Give n(t).
5
Let k(h) = h**2 - 2*h - 6. Suppose -133 = -3*b - 5*z, 8*z = -5*b + 11*z + 165. Let l be ((-30)/b)/(1/(-6)). Calculate k(l).
9
Let p be -4 + -2 + 5/1 + -2. Let z(j) = -3*j - 5. What is z(p)?
4
Let t be 1/(2 + -5 - -4). Let p(j) = 8*j**3 + 3*j**2 - 3. Let g(w) = 7*w**3 + 2*w**2 - 2. Let z(b) = 4*g(b) - 3*p(b). Determine z(t).
4
Suppose -7*h = -12*h - 5*h. Let k(v) be the second derivative of h - 1/12*v**4 - 1/3*v**3 + 3*v - 3/2*v**2. What is k(-3)?
-6
Let m = 16 - -19. Suppose -3*l + 5*q - 4*q = m, 3*l + 2*q + 29 = 0. Let d(z) = z**3 + 10*z**2 - 11*z - 5. Let v be d(l). Let u(x) = 2*x - 2. What is u(v)?
-12
Let b(u) = 4*u**3 + 2*u**2 - 1. Let d(k) = -k + 9. Let a be d(8). Calculate b(a).
5
Let x(j) = j**3 - 4*j**2 + 2*j + 3. Suppose 4*k - 10*k = 54. Let c = k - -12. Calculate x(c).
0
Let p(g) = -7 + 826*g**3 + 4 - 825*g**3 + 0 + 8*g - 8*g**2. Suppose 0 = -4*i - i + 35. Give p(i).
4
Let o(q) be the third derivative of -q**5/60 + q**4/6 - 7*q**3/6 - 368*q**2. Give o(5).
-12
Let z(j) be the second derivative of j**4/12 + 7*j**3/6 - 3*j**2/2 - 5*j. Suppose -90 = 14*r + 4*r. Give z(r).
-13
Let k(o) = -o**2 + o + 1. Let w be (1 - 2)*(10 - 11). Let q(h) = -4*h**2 + 10*h + 7. Let s(r) = w*q(r) - 3*k(r). What is s(5)?
14
Let o(m) = -3*m**2 - 4*m + 5. Let f(h) = 2*h**2 + 4*h - 5. Let u = -40 - -36. Let y(s) = u*f(s) - 3*o(s). Determine y(5).
10
Let t(f) be the first derivative of 3*f**2/2 - 17*f - 24. Give t(6).
1
Let r(l) be the first derivative of -3*l - 43 + 1/2*l**2. Calculate r(-7).
-10
Let a = 24 - 20. Let s be 1/a - 3/12. Let g(t) = -t**3 + t**2 - t + 6. Calculate g(s).
6
Let c(d) = -6*d + 13*d + 3*d**2 + 6 - 2*d**2. Suppose 4*b - p = -20, -3*p + 6*p = -4*b - 36. Give c(b).
0
Let a(r) = -5*r - 4. Let i(t) = 9*t + 7. Let k(o) = 5*a(o) + 3*i(o). Let m be 2/3*(-27)/(-6). What is k(m)?
7
Let y(a) be the second derivative of -4*a**2 + 0 + 1/2*a**3 + 15*a. What is y(7)?
13
Let j(i) = 4*i + 3. Let a(m) = 3*m + 1. Let n(l) = -5*a(l) + 3*j(l). Calculate n(8).
-20
Let c(h) be the second derivative of -h**4/12 + 3*h**3/2 - 4*h**2 + h + 2. Calculate c(9).
-8
Let w(f) = -f**2 + 5*f - 4. Let u be w(3). Suppose 3 = -u*n + 7. Suppose 3*x = -n*k + 5, 0 = -2*k + 2*x - 0*x. Let g(j) = -4*j**3 - j + 1. Determine g(k).
-4
Let z(f) = f**2 + 3*f - 1. Suppose 4*j + j = -5*u + 70, -4*u + 60 = 2*j. Suppose u = -4*y, -i + 4*y + 43 = -4*i. Let k be 2/(-6) - (-15)/i. Calculate z(k).
-3
Let i(p) = 2*p**2 - 2*p - 2. Let s = -17 - -27. Suppose -8*d - 8 = -s*d. Suppose -d*t + 0*t = -12. Calculate i(t).
10
Let a(n) = -11*n - 1. Let q(k) = -55*k - 5. Suppose -38 = 2*i - 16. Let x(j) = i*a(j) + 2*q(j). Let h(f) = f - 2. Let r be h(3). Give x(r).
12
Let r be (16/(-24) + 4)*(-36)/30. Let f(h) = 2*h**2 + 7*h + 5. What is f(r)?
9
Let g(l) = -4*l + 8. Let i(k) = k - 1. Let y(w) = -g(w) - 2*i(w). Let x be y(10). Let o(h) = x*h + 5 - 1 + 1 - 4. Calculate o(-1).
-13
Suppose -2*s = -5*s + 3. Let l = s - 4. Let k(z) = -10*z - 2. Let u(n) = 9*n + 2. Let p(o) = -5*k(o) - 6*u(o). What is p(l)?
10
Let l(c) = 596*c - 595*c - 5*c**2 + 0*c**2 - 60*c**3 + 62*c**3 - 1. What is l(3)?
11
Let a(g) = g**2 + 4*g - 4. Let c(i) = i**2 + 8*i + 9. Let s be c(-7). Let m(x) = -6*x**s + x**2 + 5 + 11*x + 3*x**2 + 3*x**2. Let y be m(-10). Give a(y).
1
Let m(d) be the third derivative of d**5/20 + d**4/8 - 11*d**3/6 + 4*d**2 - 26. Give m(-3).
7
Let l(y) be the second derivative of -1/6*y**3 + 0 + 4*y**2 - 2*y. Suppose -3*i - i + 24 = 0. Calculate l(i).
2
Let r(o) = -o**3 - 8*o**2 - 20*o - 19. Let d be r(-4). Let x(s) = -s**3 - 5*s**2 - s + 4. Determine x(d).
-11
Suppose -d + 6*d = -25. Let n = 4 + d. Let p(s) = s - 2. Let h(x) = -2*x + 1. Let k(m) = 2*h(m) + p(m). Give k(n).
3
Suppose 298 = -28*j + 354. Let r(x) = -6 + 7 - 3*x**3 - 2*x**2 + 5*x**3. What is r(j)?
9
Let d(y) = -4*y + 5. Let j(w) = 5*w - 5. Let z(t) = 6*d(t) + 5*j(t). Let c be ((-19 - -19)/(-2))/((-2)/(-2)). Determine z(c).
5
Let h be (14/3 - 5)*3/(-1). Let v(x) = -5*x + 2. What is v(h)?
-3
Suppose 2*a + t - 6*t - 5 = 0, 0 = 3*t + 3. Let s(q) = 2*q - 10 - 3*q + 1 - 2 - q**2. What is s(a)?
-11
Let t(h) = 2*h - 5. Let v be t(4). Let p(m) = -3*m + 10. Let r be p(v). Let c(j) = 6*j - 1. Calculate c(r).
5
Let q(w) = -69*w - 14. Let h(z) = 60*z + 12. Let i(r) = -7*h(r) - 6*q(r). Let c be (-2)/8 + (-20)/(-16). What is i(c)?
-6
Suppose 5*d = 3*l - 295, -144 = 4*d - 5*l + 92. Let t = d + 66. Let s(n) = n - 7. Calculate s(t).
0
Suppose -40 = -19*l - 40. Let h(x) be the second derivative of l*x**2 + 0 - 1/6*x**3 + 4*x. Calculate h(-4).
4
Let t = -180 - -169. Let a(w) = -w - 20. What is a(t)?
-9
Let i be ((-14)/4 - -3)*(3 + 1). Let q(k) = -k + 11 + 3*k - 4 - 6. Give q(i).
-3
Let s(g) = 4*g - 8. Let c(j) = -3*j**2 - 7*j**2 + 7*j + 2 + j**3 + 16*j**2. Let m be c(-4). Calculate s(m).
16
Let w(t) = -8 + 10*t**2 - 10*t + 10 - 11*t**2. Calculate w(-9).
11
Let x(c) be the first derivative of 0*c - 1/360*c**6 + 1/40*c**5 - 1/4*c**4 + 0*c**2 - 2*c**3 + 5. Let w(d) be the third derivative of x(d). Give w(4).
-10
Let w(t) = 2*t**3 - 12*t**2 - 2*t + 6. Let l(n) = -n**2 - 20*n - 13. Let x be l(-19). Give w(x).
-6
Let d(z) = -2*z + 4. Let m(f) = 5*f - 11. Let u(g) = 8*d(g) + 3*m(g). Suppose 0 = -29*n + 30*n - 4. What is u(n)?
-5
Let d(b) = b**2 - 9*b - 4. Suppose 7*c - 6*c + 4*i - 6 = 0, i = 2*c + 6. Let l be (-7)/(-14) - (51/c)/3. What is d(l)?
-4
Let s(g) = g**2 - 1. Let k(n) = 5*n**2 + 14*n + 3. Let l(c) = k(c) - 6*s(c). Let m be l(15). Let f(t) = t**3 + 5*t**2 - 5*t. Calculate f(m).
-6
Suppose 74*u + 117 = 35*u. Let i(b) = -b**2 - 6*b - 4. Calculate i(u).
5
Let g(d) = 72 + d**2 + 60 - 7*d - 122. What is g(7)?
10
Suppose -s = -l - 9, 3*l + 32 = 5*s - 5. Let d(p) = 5 - 8*p + 25*p**2 - s*p**2 - 7*p**2 - 12*p**2. Give d(6).
-7
Let g(l) = 3*l**3 + l**2 - l + 1. Let u(s) = 20*s - 20*s - s**2 + 15 - 14*s. Let a be u(-14). Let b = 16 - a. What is g(b)?
4
Let a(f) = f - 3. Let o(w) = 2*w - 8. Let h(c) = -8*a(c) + 3*o(c). Suppose u + 6 = 3*l - 11, 5*u + 5*l = -25. Let v = u + 11. Determine h(v).
-6
Let b(p) = -2*p + p**3 - 488*p**2 + 490*p**2 - 1 - 2. Determine b(-2).
1
Let r = -3 - 3. Let i(q) be the first derivative of q**5/20 + 7*q**4/12 + 5*q**3/3 + 9*q**2/2 + 3*q - 34. Let o(k) be the first derivative of i(k). Give o(r).
-15
Let c(s) = 4*s**3 + 2*s**2 - s. Let x = 47 + -66. Let i = -7 - x. Suppose 3*l - i + 9 = 0. What is c(l)?
5
Let v(h) = h**3 + 4*h**2 - 5*h + 3. Let r(n) be the third derivative of -n**6/120 + 3*n**5/20 - n**4/24 + 2*n**3/3 - 23*n**2. Let t be r(9). Give v(t).
3
Let w(v) = 5*v**3 - v**2 + 1. Let n(o) = o**2 + 25*o - 3. Let q(u) = u - 1. Let j(i) = -n(i) + 4*q(i). Let d be j(-21). Determine w(d).
-5
Let x(w) = -10*w**3 - 21*w**2 + 23*w - 57. Let p(q) = 23*q**3 + 42*q**2 - 47*q + 117. Let s(i) = 3*p(i) + 7*x(i). What is s(-22)?
-4
Let a(v) = -v**2 + 6*v - 3. Let z(u) = -u**3 + 4*u**2 - 9*u + 26. Let t be z(3). Calculate a(t).
-19
Let t(c) = -c**3 + 11*c**2 + 12*c - 18. Let p be t(11). Let q(m) = 109*m**2 - p*m**2 - 5 + m - 3*m - m**3. Give q(-5).
5
Let k(h) be the third derivative of 1/8*h**4 + 0*h + 2/3*h**3 + 0 + h**2. Give k(-5).
-11
Let c(p) = 9*p + 9. Let g(s) = -10*s - 11. Let x(r) = -6*c(r) - 5*g(r). Give x(-1).
5
Let o(h) = -7*h - 337*h**2 + 1006*h**2 - 334*h**2 - 7 - 334*h**2. Suppose 0 = -3*g - 0*g + 24. Suppose -2*i + 6 = -g. What is o(i)?
-7
Let w be ((7 - 2)/(-5))/((-2)/(-26)). Let b(o) = -o - 10. Give b(w).
3
Let y(h) = -h**3 - h**2 - h - 1. Suppose 4*r + 9 = 2*n + 15, -3*n = -r + 14. What is y(r)?
0
Let o = 30 - 37. Let h be (0 - 0)*(o + 6). Let w(k) = k - 5. Determine w(h).
-5
Let m(r) = 3*r**2 - r - 4. Let c = -65 + 67. Let s be c/13 - (-185)/65. Give m(s).
20
Let v = 5 - -1. Let o(c) = c + 2. Let f(i) = -4. Let t(k) = -3*k + 25. Let l be t(8). Let m(x) = l*f(x) + o(x). What is m(v)?
4
